 value of -2 - -7 - (15 - 5)?
-5
What is 2 - (3 + (-3 - -4 - 2))?
0
What is 2 + 3 + 1 + -1?
5
What is the value of 3 + -6 + 5 - 3 - 0?
-1
What is the value of 5 + 6 - (-14 - -20)?
5
Calculate 5 + -10 + 10 - 10.
-5
7 + -3 + -3 + 3 - -1
5
What is 10 + -5 + -14 + 3?
-6
Evaluate 14 - (9 - 0) - (-4 - -3).
6
What is (0 - (-8 - -7)) + -4?
-3
Evaluate -10 + -8 + 11 - -6.
-1
What is -1 + 38 + -38 + (0 - 7)?
-8
-6 + (7 - -5 - -2)
8
Calculate -3 - (-5 - (1 + (1 - 3))).
1
Evaluate -1 + (12 - 2 - (-3 - -7)).
5
What is the value of 2 - (2 + 3 + -10 + 3)?
4
Evaluate 1 - (14 + -14 + 10).
-9
Calculate (-2 - -2) + (1 - 2).
-1
6 + (-9 - (-6 - 0))
3
Calculate 4 + (-2 - -1) - (9 + 2).
-8
What is 9 + (4 - (21 - 11))?
3
-1 - (1 - ((-1 - 2) + 0))
-5
What is the value of (-9 - (2 + -8)) + -1?
-4
-10 - (5 - 11) - -1
-3
-1 + (-1 - -6) + -5
-1
-1 + -6 - (4 - 5)
-6
What is the value of (6 - 3 - -2) + -2 + -2?
1
What is -6 + (3 - -3) - 1?
-1
Calculate 10 - 27 - 1 - -12.
-6
What is the value of -15 + 12 + 9 + 1 + -2?
5
Evaluate -1 + 12 + -2 + -4.
5
What is the value of (26 - 27) + (3 + -2 - -5)?
5
Calculate 0 + 1 + -1 + (-216 - -211).
-5
What is -3 - (-11 - -13 - -1)?
-6
Calculate 7 - (-8 + (-5 - (8 - 21))).
7
Evaluate -5 + 2 + -3 - -2.
-4
1 - ((0 - 6) + (-3 - -14))
-4
What is -5 + 4 + -1 + -3?
-5
What is (-5 - -2 - -2) + 5?
4
Evaluate 49 + -48 - (-1 + 1 - -2).
-1
-6 + 5 + (5 - -2 - 10)
-4
(2 - (2 + (1 - 0))) + 6
5
What is the value of -1 + -7 - (-4 - (-1 - 4))?
-9
What is -13 + (3 - (-4 + 1))?
-7
11 - -1 - (7 - -4 - 5)
6
Evaluate 8 - (-2 + (-4 - -8) - -1).
5
2 + (3 - 10) + (-1 - -1)
-5
What is the value of (-12 - -17) + (-1 - -1)?
5
What is the value of 6 - (-15 - (-14 - -1))?
8
What is the value of (-9 - -6) + 6 + -10?
-7
Evaluate (0 - (7 - 2)) + -1 + 11.
5
What is (3 + -6 - -3) + (1 - 5)?
-4
-2 + 4 + -4 - -6 - 6
-2
Evaluate 7 + -3 - (1 - 2).
5
Evaluate 1 - (-5 + 18 + -5).
-7
1 - (-2 + (6 - -1))
-4
Calculate -3 + 1 + 1 + -5.
-6
What is -2 + 0 + 3 - (-3 + -1)?
5
Calculate 4 + 1 + (1 - 3) - 5.
-2
-3 - (2 - 2 - -3 - 3)
-3
Evaluate 3 - 1 - (13 + 5 - 12).
-4
What is 0 + -5 + (-4 - (-8 + 4))?
-5
Calculate (5 + -15 - -7) + 3.
0
Evaluate (-3 - (2 + -1) - -3) + 1.
0
What is the value of 24 + (-7 - -4) + -11?
10
What is the value of 4 + -4 + -1 + 3?
2
Evaluate (0 - -2 - 5) + 21 + -14.
4
What is the value of -89 + 78 + 4 + 1?
-6
What is the value of 1 + -1 + -5 + 1 + 10?
6
What is the value of -2 - (9 + -11) - 0?
0
Evaluate 2 + (-5 - (0 + 3)) + 1.
-5
What is the value of 3 - (0 + (4 - 6))?
5
Calculate 2 + 2 + -7 + 4.
1
Evaluate (0 + 0 - (0 + 3)) + 1.
-2
Evaluate -24 + 44 + -21 + (-6 - 0).
-7
Calculate 5 - 9 - -2 - 4.
-6
Evaluate -16 - (-3 + 3 - 4 - 2).
-10
-18 + 4 + (39 - 19)
6
What is the value of 6 - (3 + (2 - 1) + -3)?
5
Evaluate 212 + -208 + (0 - (1 + -1)).
4
14 - 20 - (-1 + -7)
2
What is -37 - -33 - (1 + 2 + -1)?
-6
What is the value of (-8 - (5 - 14)) + 5?
6
Calculate -8 - (-3 + 1 + -4) - -3.
1
What is -7 + (6 - (2 - 1))?
-2
4 + (0 - 3) + -9 - -3
-5
What is -3 + 0 + 6 - 5?
-2
What is the value of 3 + -1 + (16 - 25)?
-7
Evaluate -3 + (6 - 3) + -3.
-3
(1 - 4) + (-10 - (-3 - 16))
6
What is 5 - (-5 + (13 - -6 - 8))?
-1
What is 8 + (3 - (6 + 0)) + -2?
3
Calculate 9 + 2 + -2 + 0.
9
What is 6 + (-4 - -2) - (11 + -1)?
-6
What is the value of (8 + -5 - 5 - -1) + -5?
-6
Evaluate (-5 - -3 - 3) + 1.
-4
What is the value of -6 + 1 - (-19 - -13)?
1
Evaluate -5 - (9 + (-6 - 2)).
-6
Evaluate -8 + -2 + 2 - -8.
0
Evaluate 1 + 2 + -23 + 16.
-4
What is the value of -8 - -6 - -4 - (4 + 2)?
-4
1 + 5 + -14 + 4 + -2
-6
2 - (-14 + 7 + 7)
2
What is the value of -8 - (-12 + 0) - 11?
-7
1 - 0 - (2 + -3) - 1
1
What is -2 - 0 - (8 + -9)?
-1
Calculate 0 - (5 - 0 - (-12 - -15)).
-2
What is (4 + -18 - (-1 + -1)) + 6?
-6
What is the value of -13 + (24 - 11) + 3 + 1?
4
What is -4 + 7 - 5 - -1?
-1
3 - (2 + -1 + (3 - 4))
3
-3 - -4 - (5 - 2) - 3
-5
4 + (5 - (-6 - -13)) + -2
0
Evaluate (-3 - 6) + 13 - -4.
8
Evaluate 101 + -105 + (0 - 3).
-7
What is 5 + -1 - (0 + 7 - -2)?
-5
What is 4 + -7 - (1 + -2 - -7)?
-9
4 - 1 - (5 + 0 - 2)
0
What is (-1 - 0) + 0 + 2?
1
Evaluate 2 + 1 + (-3 - -2) + 1.
3
Calculate 1 + -3 + -1 + -2.
-5
6 + (-5 - 3) - 0
-2
Calculate -1 + 0 + 2 - -4.
5
1 + 2 - (-4 - (-6 - -2))
3
Calculate 6 + (-4 + 7 - -2 - 10).
1
What is the value of 8 - (-2 + (4 - -1) - -10)?
-5
4 + -3 + -4 + (4 - 2)
-1
Evaluate -1 + (4 - 8 - -13).
8
What is 18 + (22 - 51) + 1 + 1?
-9
What is -55 + 67 - (4 + -2 - -4)?
6
What is the value of 3 + (1 - -5 - 7) - -5?
7
Evaluate -1 - (18 + -5 + 1) - -7.
-8
-2 + 11 + -5 + 7 + -5
6
Evaluate 2 + -7 + (-1 - -9 - -6).
9
7 - (3 - (2 + -1 - 0))
5
Calculate -5 - (-15 - ((-1 - 9) + 5)).
5
What is the value of 3 - ((2 - 0) + -1) - 6?
-4
What is -4 + 3 - (-10 - -8)?
1
Calculate 18 - 22 - (-6 - 1).
3
What is 3 + -3 + 2 + -2 + 0?
0
What is -3 + (-1 - 0 - (25 - 34))?
5
What is the value of (2 - (-2 - 0)) + -9?
-5
What is -3 + 1 + -2 + (-20 - -18)?
-6
2 + 1 + 3 + -7
-1
What is the value of 8 + (3 - (-6 - (-6 - 4)))?
7
Calculate (-11 - -14) + 0 + -1 + 1.
3
Calculate -1 + 0 - (20 + -22) - -2.
3
What is 7 + (-1 - 7) - (0 + -2)?
1
Evaluate 11 + 2 - (5 - -2).
6
Evaluate 3 - (5 + -5 - (-2 + -1)).
0
Evaluate 0 + -1 - (22 - 15).
-8
What is -2 + 6 + 0 + 5 + -4?
5
Evaluate -3 + (1 - 2) + 6 + -1.
1
What is the value of 3 - (7 - 3 - 4)?
3
Calculate (-6 - (6 - 10)) + -1.
-3
11 + -9 + (-3 - 1)
-2
(3 - 2) + -5 - (-8 - -5)
-1
What is (0 - 0 - 1 - -1) + 2?
2
(1 - -1) + -4 + 0
-2
(-5 + 0 - -5) + 5 + -2
3
What is 0 + -3 + 3 + 1?
1
(1 - 9) + -1 - (27 + -30)
-6
What is the value of 6 + -3 + (2 - 0)?
5
What is the value of -3 + (-3 - 2) + 3 + 0?
-5
Evaluate -9 - -10 - (2 + 1).
-2
What is the value of -5 + -2 + 4 + (-3 - -2)?
-4
Calculate 6 + (6 - (4 - -3)).
5
What is the value of -3 + -1 + 8 - (-5 - -9)?
0
Calculate (-9 - (3 + -13)) + 0 + 2.
3
Calculate (4 - 0) + -6 + (2 - 8).
-8
What is -8 - 1 - (4 - 5)?
-8
What is -1 + 4 - (11 + -16)?
8
What is the value of 9 + (7 - 5 - 13)?
-2
4 + 5 + 0 + -14
-5
(-222 - -234) + (-15 - -1)
-2
Evaluate ((6 - 1) + 0 - -2) + -1.
6
Evaluate (1 - -1 - -1) + -8.
-5
What is the value of -2 + 2 + -1 + (-51 - -50)?
-2
What is the value of -1 - (2 + (4 + -4 - 3))?
0
What is the value of (3 - (2 + (-1 - 2))) + 1?
5
Calculate 12 - 15 - (-6 + 0).
3
Calculate -242 + 248 - (0 - (-1 - -1)).
6
(-6 - -2) + -11 + 9 + 1
-5
What is -4 + -2 + 10 - -1?
5
What is the value of 2 - (4 + -7 - 1)?
6
-4 + 2 + (-6 - (-7 + 10))
-11
Evaluate (0 - (-3 + -3 + 1)) + -3.
2
-2 + -2 + 1 - 1
-4
What is the value of 0 + 0 + -2 + 2 + 0?
0
Evaluate (-4 - 1) + -1 + 5.
-1
What is the value of (1 - -4) + 9 + -15?
-1
Evaluate -7 + (16 - 1 - 8).
0
Calculate -2 - 0 - (-10 - (3 + -7)).
4
Calculate 27 + -27 + 0 + -5 + 0.
-5
(-1 - (6 - 3)) + -10 + 17
3
What is (12 - 22) + 8 + 1 + -5?
-6
3 + (2 - (-4 - -5))
4
8 + (-9 - -12 - 17)
-6
1 + -5 - (9 - 10)
-3
What is the value of (-10 - (-3 - -3)) + 4 + 1?
-5
Evaluate (-1 - (4 - 6)) + -2 + -9.
-10
Calculate 4 + -3 - (6 - 9 - -8).
-4
What is 3 - ((-5 - -10) + 0)?
-2
Evaluate (-16 - -2) + 64 + -58.
-8
Evaluate (2 - 1) + -6 + 10.
5
What is the value of -4 + 10 + -1 - (7 + -2)?
0
What is 0 + 2 - (0 - (-2 - -1))?
1
What is the value of (6 - 7) + -3 + 2 + -1?
-3
Calculate 0 - (8 - (2 - -11)).
5
What is the value of (7 - (13 - (3 - 3))) + 9?
3
What is 5 + (-17 - -19 - (3 - 0))?
4
Calculate (-3 - (-5 - 2)) + -7.
-3
Calculate 0 + 1 + -3 + 0.
-2
Calculate 2 + 0 + 4 + 0 - 4.
2
-1 - (-13 - -8 - (3 - 0))
7
What is the value of 3 - (1 - (-3 - 0))?
-1
Calculate (-4 - 1) + 14 + -7.
2
What is the value of 2 + -7 + 3 + -4?
-6
Evaluate 4 - -1 - (3 + -3 + -1).
6
Evaluate (-5 - -10) + -1 + 1.
5
Evaluate 1 - 2 - (0 + 4).
-5
(1 - 0) + -20 + 19 - -10
10
Calculate 3 - (3 + -2 - 1).
3
Calculate 0 + -1 + 0 + -6 - -2.
-5
Calculate -1 + (12 - 0 - (-30 - -32)).
9
Calculate -6 + 3 + 0 + -1.
-4
Evaluate (-4 - (13 - 8)) + 4.
-5
Calculate (6 - -1) + -11 + 3.
-1
What is -4 + 3 - (0 - -3)?
-4
What is 0 - (-7 - (-2 - 1))?
4
What is the value of -2 - -5 - (36 - 28)?
-5
What is 7 + (17 + -9 - 9)?
6
34 + -26 + (0 - 9)
-1
What is 4 + (-7 - (2 + 2 - 4))?
-3
Calculate (4 - (7 + 3)) + 3.
-3
Calculate -8 + (2 + 14 - 5).
3
Evaluate 3 - (1 + -3 - -4 - 7).
8
16 + -19 + (7 - -1)
5
-9 - ((4 - 6) + -2)
-5
What is the value of -7 + 9 + 1 +